8947 a composite number?
True
Is 32214719807 a prime number?
True
Is 7737413183 prime?
True
Is 878672177 prime?
False
Is 14382231971 a composite number?
True
Is 1622021627 composite?
False
Is 7729354397 prime?
False
Is 7211311441 prime?
True
Is 3641312093 a composite number?
True
Is 450163339 a composite number?
False
Is 4418761687 composite?
False
Is 7823668013 prime?
False
Is 307162211 a prime number?
True
Is 9497231242 composite?
True
Is 33060274649 prime?
True
Is 1245674197 a composite number?
True
Is 308574757 composite?
False
Is 69773497 a composite number?
False
Is 369262499 prime?
True
Is 190624843697 a composite number?
False
Is 1876588709 a composite number?
False
Is 105023492207 a composite number?
True
Is 39904983421 a prime number?
False
Is 68117551 composite?
False
Is 9136265 a composite number?
True
Is 20265703301 a prime number?
True
Is 373418823617 composite?
True
Is 81851369533 a prime number?
False
Is 1409444887 a composite number?
False
Is 5496755239 a prime number?
False
Is 3685812181 prime?
True
Is 311577947 a prime number?
True
Is 10903542101 prime?
False
Is 2463559157 a composite number?
False
Is 889810849 composite?
True
Is 401632251785 composite?
True
Is 50098811 a prime number?
False
Is 14581229941 a composite number?
True
Is 449818966 a composite number?
True
Is 20129851061 composite?
False
Is 4923141361 composite?
True
Is 2695397591 a composite number?
True
Is 79975424233 prime?
True
Is 5175097 a prime number?
True
Is 63058786087 composite?
True
Is 14950274477 prime?
False
Is 25057868579 composite?
True
Is 966779951 prime?
True
Is 23004131699 a composite number?
False
Is 2237587063 composite?
False
Is 3247684411 composite?
False
Is 13002711203 prime?
True
Is 126823057 composite?
False
Is 11727137177 a composite number?
True
Is 854405327 prime?
False
Is 62431393 a composite number?
False
Is 336418279 a prime number?
False
Is 184971491 composite?
True
Is 2784283621 prime?
False
Is 905740019 composite?
False
Is 323819339 a prime number?
False
Is 7497519761 a composite number?
True
Is 689142962 a prime number?
False
Is 1804230761 a prime number?
True
Is 20404648547 composite?
False
Is 13520206838 a prime number?
False
Is 195058688921 prime?
True
Is 252414437 prime?
False
Is 35517676279 composite?
False
Is 141863464739 a prime number?
True
Is 2584228757 a prime number?
False
Is 58325261143 prime?
True
Is 46015480919 a composite number?
True
Is 27847047281 a prime number?
False
Is 4983733333 a composite number?
True
Is 7362263521 prime?
True
Is 225825443929 a prime number?
True
Is 5790150679 a composite number?
False
Is 6972949807 composite?
True
Is 9385143707 prime?
True
Is 2064275231 a composite number?
True
Is 3430474093 a prime number?
True
Is 1076907322 prime?
False
Is 7906582193 composite?
False
Is 140801477 prime?
False
Is 4222444741 composite?
False
Is 17911798903 a composite number?
False
Is 71895463 a composite number?
True
Is 149113559 a composite number?
True
Is 1504440367 a composite number?
True
Is 1910243627 composite?
False
Is 72733764881 a prime number?
True
Is 6496607459 a composite number?
True
Is 6767030087 prime?
True
Is 1882621093 prime?
False
Is 413416001 a prime number?
False
Is 12994226953 a prime number?
True
Is 748151347 prime?
False
Is 6518827589 a composite number?
True
Is 10836138287 composite?
True
Is 46688884283 prime?
False
Is 3680032381 composite?
True
Is 10463289439 a composite number?
False
Is 196913711 a composite number?
False
Is 28135268059 prime?
False
Is 1422617947 prime?
False
Is 31563295681 composite?
True
Is 1235447249 composite?
False
Is 3095225551 a composite number?
True
Is 9249979483 composite?
True
Is 12282104573 a prime number?
True
Is 77477595905 composite?
True
Is 12474269831 a prime number?
False
Is 2962243937 prime?
False
Is 135520608511 prime?
False
Is 169642987 prime?
True
Is 15156915065 prime?
False
Is 1556949197 prime?
True
Is 508872827 composite?
True
Is 33779096669 a prime number?
True
Is 138457711559 a composite number?
False
Is 52512123953 a composite number?
True
Is 6360650741 a composite number?
False
Is 47786494391 prime?
False
Is 1717719737 a composite number?
False
Is 7259677 composite?
False
Is 2224258063 composite?
True
Is 1820599427 prime?
True
Is 529291667 a composite number?
False
Is 2795436757 a prime number?
True
Is 2376636477 prime?
False
Is 134127479531 prime?
True
Is 534166561 composite?
False
Is 624374083 a composite number?
True
Is 12533601911 a prime number?
False
Is 289266787 prime?
True
Is 2143820845 a composite number?
True
Is 83050679773 a composite number?
False
Is 8498148733 a composite number?
False
Is 3900515777 composite?
True
Is 97954657 composite?
True
Is 17775124249 a composite number?
False
Is 5770388119 composite?
False
Is 4590379921 composite?
False
Is 68607319217 composite?
False
Is 24590130953 composite?
False
Is 1831959809 a composite number?
False
Is 18004559609 a prime number?
True
Is 849282513 composite?
True
Is 176515949 a composite number?
False
Is 66389587261 composite?
False
Is 7085789197 prime?
True
Is 4351086769 composite?
True
Is 49156206457 a composite number?
False
Is 36188951881 a composite number?
False
Is 9389235497 a prime number?
False
Is 109800869 a prime number?
True
Is 12297040111 prime?
False
Is 2191235399 prime?
False
Is 14548884463 a prime number?
True
Is 167593668653 prime?
True
Is 12633131101 prime?
False
Is 2731949539 a prime number?
False
Is 18037278101 a prime number?
False
Is 7953240037 a prime number?
False
Is 7370745727 prime?
False
Is 27150423187 a prime number?
False
Is 26277300461 a prime number?
False
Is 13693444131 a composite number?
True
Is 58711953 a prime number?
False
Is 119366504297 a prime number?
False
Is 22726776337 a prime number?
False
Is 234757541 a prime number?
True
Is 328999969 composite?
False
Is 752003957 composite?
True
Is 593861927 prime?
True
Is 5840801489 a prime number?
True
Is 133473487 prime?
False
Is 18645281587 composite?
False
Is 18811514513 a prime number?
False
Is 3542501681 composite?
False
Is 15721444801 a composite number?
True
Is 3416714351 a prime number?
True
Is 4316474779 prime?
True
Is 3189097447 composite?
False
Is 736744991 composite?
False
Is 4063158833 a prime number?
True
Is 6707988043 a prime number?
True
Is 818446479 a composite number?
True
Is 745634959 a prime number?
True
Is 2458556069 a prime number?
True
Is 5260129657 a prime number?
True
Is 17299111211 composite?
False
Is 54533867543 a prime number?
False
Is 391587887 a composite number?
False
Is 1621950383 prime?
True
Is 496957099 a prime number?
True
Is 241196486117 prime?
False
Is 7808287649 a prime number?
False
Is 902775271 prime?
False
Is 3651088069 prime?
True
Is 223847707 composite?
True
Is 2098954387 composite?
False
Is 863188099 composite?
False
Is 10865661987 a prime number?
False
Is 28228308311 composite?
True
Is 2005840685 prime?
False
Is 959441897 a composite number?
True
Is 1947106691 a composite number?
True
Is 67633373 composite?
True
Is 23877913621 prime?
False
Is 50796987211 composite?
False
Is 3429961 composite?
False
Is 277122761 prime?
True
Is 2424489839 composite?
False
Is 14123543321 prime?
True
Is 20849293459 prime?
False
Is 2437761407 a prime number?
True
Is 32968779539 a composite number?
False
Is 11117757863 composite?
True
Is 48133429 a composite number?
False
Is 530814821 a composite number?
False
Is 43812163 composite?
False
Is 84062926769 composite?
False
Is 132128700073 a composite number?
True
Is 4021048939 composite?
False
Is 1301531167 a composite number?
True
Is 5588057351 a prime number?
False
Is 2592388817 prime?
True
Is 2480365301 prime?
True
Is 58387141 composite?
False
Is 625973131 a prime number?
False
Is 31085517389 a composite number?
True
Is 9504593593 a composite number?
True
Is 64771512479 prime?
True
Is 15412618393 a composite number?
False
Is 1450323223 a prime number?
True
Is 5418974329 a composite number?
True
Is 1045106866 composite?
True
Is 3063810173 prime?
False
Is 2915125583 a prime number?
False
Is 16154231351 composite?
True
Is 2578379719 a prime number?
True
Is 11706980401 prime?
True
Is 26335894061 a composite number?
True
Is 1477211627 a composite number?
True
Is 62490827921 prime?
True
Is 530121017 prime?
True
Is 8110011787